?
False
Is 1598018017 prime?
True
Is 410233909 a prime number?
True
Is 704343649 a composite number?
False
Is 20691588683 prime?
False
Is 6049779181 composite?
True
Is 11611637 composite?
False
Is 6804734843 a composite number?
True
Is 1256787839 a composite number?
False
Is 9101686043 a composite number?
True
Is 29325659777 a composite number?
False
Is 641874943 composite?
False
Is 125936530763 prime?
False
Is 25627933703 composite?
False
Is 7298281889 a prime number?
True
Is 36150042763 composite?
True
Is 42052549571 a composite number?
False
Is 370872889 a composite number?
True
Is 371582764187 a composite number?
True
Is 3377232029 prime?
False
Is 11451348941 prime?
False
Is 52603358021 prime?
True
Is 159194839 prime?
True
Is 2302439267 a prime number?
True
Is 429266189 a composite number?
True
Is 29482247 prime?
False
Is 4845179441 a prime number?
False
Is 1191982571 a composite number?
True
Is 44218825823 a prime number?
False
Is 53047383073 prime?
True
Is 35216543 a prime number?
False
Is 439105829 prime?
True
Is 3405578129 a composite number?
True
Is 1718411293 composite?
True
Is 25588889 prime?
True
Is 87207149 prime?
True
Is 15389307491 prime?
True
Is 14595101531 a composite number?
False
Is 6397913297 composite?
True
Is 10413278723 a composite number?
True
Is 352149593 a composite number?
True
Is 7653510239 prime?
False
Is 9648726733 a prime number?
True
Is 21734291353 composite?
False
Is 11279763031 a composite number?
True
Is 7412975189 composite?
True
Is 524756387 composite?
False
Is 1376595911 a composite number?
True
Is 19306658971 a prime number?
True
Is 606479891 composite?
False
Is 827288999 prime?
False
Is 26314210519 a prime number?
True
Is 1297873943 a prime number?
False
Is 41647247021 a composite number?
True
Is 6322108255 prime?
False
Is 74240070767 composite?
False
Is 5158502761 composite?
False
Is 699420299 prime?
True
Is 83726513657 a composite number?
False
Is 434372681 a prime number?
True
Is 2773758179 composite?
False
Is 4886865941 composite?
False
Is 13473767693 a composite number?
True
Is 129762791331 a prime number?
False
Is 15640510713 a composite number?
True
Is 3155906813 a prime number?
False
Is 18219158987 a prime number?
True
Is 24786657409 composite?
True
Is 431477143 a composite number?
False
Is 28728246983 a prime number?
True
Is 8999828191 prime?
True
Is 202601783 prime?
False
Is 33019910029 prime?
True
Is 6672427865 composite?
True
Is 18031071151 composite?
True
Is 27661645835 prime?
False
Is 3738509 a prime number?
True
Is 402792809 prime?
True
Is 1741740629 a prime number?
False
Is 24211427 prime?
False
Is 1004600143 a prime number?
False
Is 3208393567 a composite number?
False
Is 1413185771 composite?
True
Is 17613896123 a composite number?
True
Is 4546640611 a composite number?
False
Is 26637703381 a prime number?
False
Is 532884943 prime?
True
Is 1118927167 a prime number?
False
Is 1409467819 prime?
False
Is 1931465479 a composite number?
False
Is 198522211 a composite number?
False
Is 380724103 composite?
False
Is 1128802553 composite?
True
Is 3744549647 composite?
False
Is 29226550459 a prime number?
True
Is 563195621 composite?
False
Is 406526741 prime?
True
Is 655362007 prime?
True
Is 471085561 prime?
True
Is 8016414101 a prime number?
False
Is 12049251013 composite?
True
Is 13673014579 prime?
False
Is 13526806949 prime?
False
Is 21550925467 prime?
False
Is 239429710229 composite?
True
Is 1862726821 a prime number?
True
Is 56347097 a composite number?
True
Is 3321239953 composite?
True
Is 32346704129 prime?
False
Is 3255025083 a prime number?
False
Is 2282952401 prime?
True
Is 4191718039 a prime number?
True
Is 67080751 a prime number?
True
Is 15540806549 a prime number?
False
Is 3727882421 prime?
True
Is 3387424793 a composite number?
True
Is 40143353 a composite number?
True
Is 555701803 a composite number?
False
Is 2858643301 composite?
False
Is 257454263 prime?
False
Is 32836793 a prime number?
False
Is 21322905011 a prime number?
False
Is 197264093 a composite number?
True
Is 7991575507 a composite number?
False
Is 30528164699 composite?
False
Is 10737922021 composite?
True
Is 10213776023 a composite number?
True
Is 8309747543 a composite number?
True
Is 1663436867 a prime number?
True
Is 20662711 a composite number?
False
Is 28161132619 prime?
False
Is 141780463 a composite number?
True
Is 460158865 composite?
True
Is 2641754179 composite?
True
Is 13596308443 a prime number?
True
Is 312326841097 a composite number?
False
Is 3329268379 prime?
True
Is 53561423 composite?
False
Is 49528909897 a composite number?
False
Is 53694021209 a composite number?
False
Is 15309457 a composite number?
False
Is 13612483393 a composite number?
False
Is 15505961507 a composite number?
True
Is 8866822873 a composite number?
False
Is 4550954197 a composite number?
True
Is 3575119411 a prime number?
True
Is 5536459433 composite?
True
Is 2968988293 a composite number?
False
Is 824986210721 composite?
False
Is 2091811433 composite?
False
Is 306926149 prime?
True
Is 129256978579 prime?
True
Is 30270946987 composite?
False
Is 2332181629 a prime number?
True
Is 192957587 prime?
True
Is 9019166687 prime?
False
Is 1052632181 a composite number?
False
Is 1317000473 composite?
False
Is 199009669 prime?
False
Is 510611861 composite?
False
Is 104035576501 a prime number?
False
Is 34093041341 a composite number?
True
Is 3567158005 prime?
False
Is 727081427 composite?
True
Is 16770848693 a composite number?
True
Is 6113989319 prime?
False
Is 2886677441 composite?
True
Is 231446357 a prime number?
True
Is 2991508435 a prime number?
False
Is 1279023059 composite?
True
Is 11821911099 a composite number?
True
Is 1430449963 composite?
False
Is 73841621761 prime?
True
Is 52009423 composite?
True
Is 736789783 composite?
False
Is 91581265067 composite?
True
Is 45945901867 a prime number?
False
Is 21928911 composite?
True
Is 88030247 a composite number?
False
Is 3370480103 a composite number?
True
Is 2684137934 composite?
True
Is 31519600433 a composite number?
True
Is 82749599113 composite?
True
Is 1748473787 prime?
True
Is 1115349089 prime?
False
Is 9472467469 prime?
True
Is 426374291 composite?
True
Is 6580586561 a prime number?
True
Is 221939867 composite?
True
Is 68131074119 composite?
True
Is 75517404481 a composite number?
True
Is 91104520753 a composite number?
True
Is 13989809027 a composite number?
False
Is 2656510627 composite?
True
Is 90656355869 composite?
True
Is 177571607 prime?
True
Is 1275881071 a prime number?
False
Is 2063742181 prime?
False
Is 827278081 a prime number?
False
Is 397844749 a prime number?
True
Is 1863754315 prime?
False
Is 16593988309 a prime number?
False
Is 444811639 a composite number?
True
Is 540533543 a prime number?
False
Is 469193419 prime?
True
Is 2153074691 a composite number?
False
Is 4714955033 a composite number?
False
Is 393145153 composite?
False
Is 292036583 composite?
True
Is 11928182003 a prime number?
False
Is 15172377473 composite?
True
Is 359668081 a composite number?
True
Is 3475007446 a prime number?
False
Is 81261933365 prime?
False
Is 113842765133 a prime number?
True
Is 23594330251 composite?
False
Is 1189353981 a prime number?
False
Is 8320590497 composite?
False
Is 179050877 a prime number?
True
Is 828946669 prime?
True
Is 2022469214 composite?
True
Is 47260392679 a prime number?
True
Is 1989894173 composite?
True
Is 5255792197 composite?
False
Is 308223654127 prime?
True
Is 1826628343 a composite number?
True
Is 2348021057 a composite number?
True
Is 230784475195 composite?
True
Is 91802946839 a prime number?
True
Is 611958007 composite?
True
Is 18722149541 prime?
True
Is 436095589 prime?
False
Is 224389853 a composite number?
False
Is 15407835097 a prime number?
False
Is 151449521 a prime number?
False
Is 15053056961 a composite number?
True
Is 1278724891 composite?
False
Is 37198136281 a prime number?
False
Is 45365103395 composite?
True
Is 4711845989 composite?
False
Is 10701012061 a composite number?
True
Is 5918979013 composite?
True
Is 158913281 composite?
False
Is 14608429399 composite?
False
Is 807503887 a prime number?
True
Is 2067164293 prime?
False
Is 21650548363 composite?
False
Is 2638222437 prime?
False
Is 49475248103 a prime number?
True
Is 250